{"id":257,"date":"2021-05-18T08:26:41","date_gmt":"2021-05-18T08:26:41","guid":{"rendered":"http:\/\/orihuela.itcyhost.es\/?page_id=257"},"modified":"2021-07-02T12:09:38","modified_gmt":"2021-07-02T12:09:38","slug":"perfil-del-contratante","status":"publish","type":"page","link":"https:\/\/orihuela.itcyhost.es\/index.php\/ayuntamiento\/perfil-del-contratante\/","title":{"rendered":"Perfil del Contratante"},"content":{"rendered":"<p>[et_pb_section fb_built=\u00bb1&#8243; _builder_version=\u00bb4.9.4&#8243; _module_preset=\u00bbdefault\u00bb][et_pb_row _builder_version=\u00bb4.9.4&#8243; _module_preset=\u00bbdefault\u00bb width_tablet=\u00bb\u00bb width_phone=\u00bb100%\u00bb width_last_edited=\u00bbon|phone\u00bb max_width=\u00bb100%\u00bb hover_enabled=\u00bb0&#8243; width=\u00bb100%\u00bb sticky_enabled=\u00bb0&#8243;][et_pb_column type=\u00bb4_4&#8243; _builder_version=\u00bb4.9.4&#8243; _module_preset=\u00bbdefault\u00bb][et_pb_text module_id=\u00bbcustom-text\u00bb _builder_version=\u00bb4.9.4&#8243; _module_preset=\u00bbdefault\u00bb hover_enabled=\u00bb0&#8243; sticky_enabled=\u00bb0&#8243;]<\/p>\n<div class=\"enigma_header_breadcrum_title\">\n<div class=\"container\">\n<div class=\"row\">\n<div class=\"col-md-12\">\n<h2><strong>PERFIL DEL CONTRATANTE<\/strong><\/h2>\n<\/div>\n<\/div>\n<\/div>\n<\/div>\n<div class=\"container\">\n<div class=\"row enigma_blog_wrapper\">\n<div class=\"col-md-12\">\n<div class=\"enigma_blog_full\">\n<div class=\"enigma_blog_post_content\">\n<h2 style=\"padding-left: 40px;\">ADJUDICACIONES DEFINITIVAS<\/h2>\n<ul>\n<li style=\"list-style-type: none;\">\n<ul>\n<li style=\"list-style-type: none;\">\n<ul>\n<li data-original-title=\"\" title=\"\"><a href=\"http:\/\/www.orihueladeltremedal.es\/wp-content\/uploads\/sites\/109\/2009\/06\/madera-2016.pdf\" target=\"_blank\" rel=\"noopener noreferrer\"><\/a><a href=\"http:\/\/orihuela.itcyhost.es\/wp-content\/uploads\/2021\/05\/madera-2016.pdf\" rel=\"attachment wp-att-407\">MADERA 2016.<\/a><\/li>\n<li data-original-title=\"\" title=\"\"><a href=\"http:\/\/orihuela.itcyhost.es\/wp-content\/uploads\/2021\/05\/madera-2017.pdf\" rel=\"attachment wp-att-408\">MADERA 2017.<\/a><a href=\"http:\/\/www.orihueladeltremedal.es\/wp-content\/uploads\/sites\/109\/2009\/06\/madera-2016.pdf\" target=\"_blank\" rel=\"noopener noreferrer\"><\/a><\/li>\n<li data-original-title=\"\" title=\"\"><a href=\"http:\/\/orihuela.itcyhost.es\/wp-content\/uploads\/2021\/05\/apicola.pdf\" rel=\"attachment wp-att-400\">APICOLA 2017.<\/a><\/li>\n<li data-original-title=\"\" title=\"\"><a href=\"http:\/\/orihuela.itcyhost.es\/wp-content\/uploads\/2021\/05\/pastos.pdf\" rel=\"attachment wp-att-410\">PASTOS 2017.<\/a><\/li>\n<li data-original-title=\"\" title=\"\"><a href=\"http:\/\/orihuela.itcyhost.es\/wp-content\/uploads\/2021\/05\/campamentos.pdf\" rel=\"attachment wp-att-403\">CAMPAMENTOS 2017.<\/a><\/li>\n<\/ul>\n<\/li>\n<\/ul>\n<\/li>\n<\/ul>\n<h2 style=\"padding-left: 40px;\">CONVOCATORIAS<\/h2>\n<ul>\n<li style=\"list-style-type: none;\">\n<ul>\n<li style=\"list-style-type: none;\">\n<ul>\n<li data-original-title=\"\" title=\"\"><a href=\"http:\/\/orihuela.itcyhost.es\/wp-content\/uploads\/2021\/05\/bases-auxiliar-admvo-oposicion-libre.pdf\" rel=\"attachment wp-att-401\">BASES AUXILIAR ADMVO OPOSICION LIBRE 2016.<\/a><\/li>\n<li data-original-title=\"\" title=\"\"><a href=\"http:\/\/orihuela.itcyhost.es\/wp-content\/uploads\/2021\/05\/bases-oficina-turismo-oposicion-libre.pdf\" rel=\"attachment wp-att-402\">BASES OFICINA TURISMO OPOSICI\u00d3N LIBRE 2017.<\/a><a href=\"http:\/\/www.orihueladeltremedal.es\/wp-content\/uploads\/sites\/109\/2009\/06\/bases-auxiliar-admvo-oposicion-libre.pdf\" target=\"_blank\" rel=\"noopener noreferrer\"><\/a><\/li>\n<\/ul>\n<\/li>\n<\/ul>\n<\/li>\n<\/ul>\n<h2 style=\"padding-left: 40px;\">LICITACIONES Y EJECUCIONES EN CURSO<\/h2>\n<ul>\n<li style=\"list-style-type: none;\">\n<ul>\n<li style=\"list-style-type: none;\">\n<ul>\n<li data-original-title=\"\" title=\"\"><strong>CAPTACION AGUA JUANLABRADA.<\/strong>\n<ul>\n<li data-original-title=\"\" title=\"\"><a href=\"http:\/\/www.orihueladeltremedal.es\/wp-content\/uploads\/sites\/109\/2009\/06\/expediente-contrato-menor.pdf\" target=\"_blank\" rel=\"noopener noreferrer\"><\/a><a href=\"http:\/\/orihuela.itcyhost.es\/wp-content\/uploads\/2021\/05\/expediente-contrato-menor.pdf\" rel=\"attachment wp-att-404\">EXPEDIENTE CONTRATO MENOR<\/a><a href=\"http:\/\/www.orihueladeltremedal.es\/wp-content\/uploads\/sites\/109\/2009\/06\/expediente-contrato-menor.pdf\" target=\"_blank\" rel=\"noopener noreferrer\"><\/a><\/li>\n<li data-original-title=\"\" title=\"\"><a href=\"http:\/\/orihuela.itcyhost.es\/wp-content\/uploads\/2021\/05\/memoria-captacion-agua-juanlabrada.pdf\" rel=\"attachment wp-att-409\">MEMORIA CAPTACION AGUA JUANLABRADA<\/a><a href=\"http:\/\/www.orihueladeltremedal.es\/wp-content\/uploads\/sites\/109\/2009\/06\/memoria-captacion-agua-juanlabrada.pdf\" target=\"_blank\" rel=\"noopener noreferrer\"><\/a><\/li>\n<\/ul>\n<\/li>\n<\/ul>\n<\/li>\n<\/ul>\n<\/li>\n<\/ul>\n<ul>\n<li style=\"list-style-type: none;\">\n<ul>\n<li style=\"list-style-type: none;\">\n<ul>\n<li data-original-title=\"\" title=\"\"><strong>INFRAESTRUCTURA TUR\u00cdSTICA PARA DESARROLLO TURISMO MICOL\u00d3GICO COMARCA ALBARRAC\u00cdN.<\/strong>\n<ul>\n<li data-original-title=\"\" title=\"\"><a href=\"http:\/\/www.orihueladeltremedal.es\/wp-content\/uploads\/sites\/109\/2018\/04\/INFRAESTRUCTURA-TURISTICA-PARA-DESARROLLO-TURISMO-MICOLOGICO-COMARCA-ALBARRACIN.-FASE-III.pdf\">\u00a0<\/a><a href=\"http:\/\/orihuela.itcyhost.es\/wp-content\/uploads\/2021\/05\/INFRAESTRUCTURA-TURISTICA-PARA-DESARROLLO-TURISMO-MICOLOGICO-COMARCA-ALBARRACIN.-FASE-III.pdf\" rel=\"attachment wp-att-406\">MEMORIA INFRAESTRUCTURA TURISTICA PARA DESARROLLO TURISMO MICOLOGICO COMARCA ALBARRACIN. FASE III<\/a><a href=\"http:\/\/www.orihueladeltremedal.es\/wp-content\/uploads\/sites\/109\/2018\/04\/INFRAESTRUCTURA-TURISTICA-PARA-DESARROLLO-TURISMO-MICOLOGICO-COMARCA-ALBARRACIN.-FASE-III.pdf\"><\/a><\/li>\n<\/ul>\n<\/li>\n<\/ul>\n<\/li>\n<\/ul>\n<\/li>\n<\/ul>\n<ul>\n<li style=\"list-style-type: none;\">\n<ul>\n<li style=\"list-style-type: none;\">\n<ul>\n<li data-original-title=\"\" title=\"\"><strong>GARAJE MUNICIPAL.<\/strong>\n<ul>\n<li data-original-title=\"\" title=\"\"><a href=\"http:\/\/www.orihueladeltremedal.es\/wp-content\/uploads\/sites\/109\/2009\/06\/garaje-municipal.pdf\" target=\"_blank\" rel=\"noopener noreferrer\"><\/a><a href=\"http:\/\/orihuela.itcyhost.es\/wp-content\/uploads\/2021\/05\/garaje-municipal.pdf\" rel=\"attachment wp-att-405\">MEMORIA GARAJE MUNICIPAL<\/a><a href=\"http:\/\/www.orihueladeltremedal.es\/wp-content\/uploads\/sites\/109\/2009\/06\/garaje-municipal.pdf\" target=\"_blank\" rel=\"noopener noreferrer\"><\/a><\/li>\n<\/ul>\n<\/li>\n<\/ul>\n<\/li>\n<\/ul>\n<\/li>\n<\/ul>\n<ul>\n<li style=\"list-style-type: none;\">\n<ul>\n<li style=\"list-style-type: none;\">\n<ul>\n<li data-original-title=\"\" title=\"\"><strong>\u00a0ACONDICIONAMIENTO LOCAL ACTIVIDADES ESCOLARES EXTERIORES.<\/strong>\n<ul>\n<li data-original-title=\"\" title=\"\">\u00a0<a href=\"http:\/\/orihuela.itcyhost.es\/wp-content\/uploads\/2021\/05\/ACONDICIONAMIENTO-LOCAL-ACTIVIDADES-ESCOLARES-EXTERIORES.pdf\" rel=\"attachment wp-att-399\">MEMORIA ACONDICIONAMIENTO LOCAL ACTIVIDADES ESCOLARES EXTERIORES<\/a><\/li>\n<\/ul>\n<\/li>\n<\/ul>\n<\/li>\n<\/ul>\n<\/li>\n<\/ul>\n<ul>\n<li style=\"list-style-type: none;\">\n<ul>\n<li style=\"list-style-type: none;\">\n<ul>\n<li data-original-title=\"\" title=\"\"><strong>REPARACIONES EXTERIORES EN LA PLAZA DE TOROS MUNICIPAL.<\/strong>\n<ul>\n<li data-original-title=\"\" title=\"\"><a href=\"http:\/\/orihuela.itcyhost.es\/wp-content\/uploads\/2021\/05\/REPARACIONES-EXTERIORES-PLAZA-TOROS-MUNICIPAL.pdf\" rel=\"attachment wp-att-413\">MEMORIA REPARACIONES EXTERIORES PLAZA TOROS MUNICIPAL<\/a><\/li>\n<\/ul>\n<\/li>\n<\/ul>\n<\/li>\n<\/ul>\n<\/li>\n<\/ul>\n<ul>\n<li style=\"list-style-type: none;\">\n<ul>\n<li style=\"list-style-type: none;\">\n<ul>\n<li data-original-title=\"\" title=\"\"><strong>REASFALTADO CAPA RODADURA URBANIZACI\u00d3N VIRGEN DEL TREMEDAL.<\/strong>\n<ul>\n<li data-original-title=\"\" title=\"\"><a href=\"http:\/\/orihuela.itcyhost.es\/wp-content\/uploads\/2021\/05\/REASFALTADO-CAPA-RODADURA-URBANIZACION-VIRGEN-DEL-TREMEDAL.pdf\" rel=\"attachment wp-att-411\">MEMORIA REASFALTADO CAPA RODADURA URBANIZACION VIRGEN DEL TREMEDAL<\/a><\/li>\n<\/ul>\n<\/li>\n<\/ul>\n<\/li>\n<\/ul>\n<\/li>\n<\/ul>\n<ul>\n<li style=\"list-style-type: none;\">\n<ul>\n<li style=\"list-style-type: none;\">\n<ul>\n<li data-original-title=\"\" title=\"\"><strong>RENOVACI\u00d3N DE REDES EN CALLE NUEVA.<\/strong>\n<ul>\n<li data-original-title=\"\" title=\"\"><a href=\"http:\/\/orihuela.itcyhost.es\/wp-content\/uploads\/2021\/05\/RENOVACION-DE-REDES-EN-CALLE-NUEVA-COMPLETO.pdf\" rel=\"attachment wp-att-412\">MEMORIA RENOVACION DE REDES EN CALLE NUEVA COMPLETO<\/a><\/li>\n<\/ul>\n<\/li>\n<\/ul>\n<\/li>\n<\/ul>\n<\/li>\n<\/ul>\n<ul>\n<li style=\"list-style-type: none;\">\n<ul>\n<li style=\"list-style-type: none;\">\n<ul>\n<li data-original-title=\"\" title=\"\"><strong>ACONDICIONAMIENTO DE CENTRO SOCIO-CULTURAL. FASE IV.<\/strong>\n<ul>\n<li data-original-title=\"\" title=\"\"><a href=\"http:\/\/orihuela.itcyhost.es\/wp-content\/uploads\/2021\/05\/ACONDICIONAMIENTO-DE-CENTRO-SOCIO-CULTURAL.-FASE-IV-1.pdf\" rel=\"attachment wp-att-398\">MEMORIA ACONDICIONAMIENTO DE CENTRO SOCIO-CULTURAL. FASE IV<\/a><\/li>\n<\/ul>\n<\/li>\n<\/ul>\n<\/li>\n<\/ul>\n<\/li>\n<\/ul>\n<\/div>\n<\/div>\n<\/div>\n<\/div>\n<\/div>\n<p>[\/et_pb_text][\/et_pb_column][\/et_pb_row][\/et_pb_section]<\/p>\n","protected":false},"excerpt":{"rendered":"<p>[et_pb_section fb_built=\u00bb1&#8243; _builder_version=\u00bb4.9.4&#8243; _module_preset=\u00bbdefault\u00bb][et_pb_row _builder_version=\u00bb4.9.4&#8243; _module_preset=\u00bbdefault\u00bb width_tablet=\u00bb\u00bb width_phone=\u00bb100%\u00bb width_last_edited=\u00bbon|phone\u00bb max_width=\u00bb100%\u00bb hover_enabled=\u00bb0&#8243; width=\u00bb100%\u00bb sticky_enabled=\u00bb0&#8243;][et_pb_column type=\u00bb4_4&#8243; _builder_version=\u00bb4.9.4&#8243; _module_preset=\u00bbdefault\u00bb][et_pb_text module_id=\u00bbcustom-text\u00bb _builder_version=\u00bb4.9.4&#8243; _module_preset=\u00bbdefault\u00bb hover_enabled=\u00bb0&#8243; sticky_enabled=\u00bb0&#8243;] PERFIL DEL CONTRATANTE ADJUDICACIONES DEFINITIVAS MADERA 2016. MADERA 2017. APICOLA 2017. PASTOS 2017. CAMPAMENTOS 2017. CONVOCATORIAS BASES AUXILIAR ADMVO OPOSICION LIBRE 2016. BASES OFICINA TURISMO OPOSICI\u00d3N LIBRE 2017. LICITACIONES Y EJECUCIONES EN CURSO CAPTACION [&hellip;]<\/p>\n","protected":false},"author":1,"featured_media":0,"parent":216,"menu_order":0,"comment_status":"closed","ping_status":"closed","template":"","meta":{"_et_pb_use_builder":"on","_et_pb_old_content":"","_et_gb_content_width":"","footnotes":""},"class_list":["post-257","page","type-page","status-publish","hentry"],"_links":{"self":[{"href":"https:\/\/orihuela.itcyhost.es\/index.php\/wp-json\/wp\/v2\/pages\/257","targetHints":{"allow":["GET"]}}],"collection":[{"href":"https:\/\/orihuela.itcyhost.es\/index.php\/wp-json\/wp\/v2\/pages"}],"about":[{"href":"https:\/\/orihuela.itcyhost.es\/index.php\/wp-json\/wp\/v2\/types\/page"}],"author":[{"embeddable":true,"href":"https:\/\/orihuela.itcyhost.es\/index.php\/wp-json\/wp\/v2\/users\/1"}],"replies":[{"embeddable":true,"href":"https:\/\/orihuela.itcyhost.es\/index.php\/wp-json\/wp\/v2\/comments?post=257"}],"version-history":[{"count":7,"href":"https:\/\/orihuela.itcyhost.es\/index.php\/wp-json\/wp\/v2\/pages\/257\/revisions"}],"predecessor-version":[{"id":1260,"href":"https:\/\/orihuela.itcyhost.es\/index.php\/wp-json\/wp\/v2\/pages\/257\/revisions\/1260"}],"up":[{"embeddable":true,"href":"https:\/\/orihuela.itcyhost.es\/index.php\/wp-json\/wp\/v2\/pages\/216"}],"wp:attachment":[{"href":"https:\/\/orihuela.itcyhost.es\/index.php\/wp-json\/wp\/v2\/media?parent=257"}],"curies":[{"name":"wp","href":"https:\/\/api.w.org\/{rel}","templated":true}]}}