{"id":263,"date":"2021-05-18T08:28:19","date_gmt":"2021-05-18T08:28:19","guid":{"rendered":"http:\/\/orihuela.itcyhost.es\/?page_id=263"},"modified":"2021-07-02T12:09:38","modified_gmt":"2021-07-02T12:09:38","slug":"directorio-telefonico","status":"publish","type":"page","link":"https:\/\/orihuela.itcyhost.es\/index.php\/ayuntamiento\/directorio-telefonico\/","title":{"rendered":"Directorio Telef\u00f3nico"},"content":{"rendered":"<p>[et_pb_section fb_built=\u00bb1&#8243; _builder_version=\u00bb4.9.4&#8243; _module_preset=\u00bbdefault\u00bb][et_pb_row _builder_version=\u00bb4.9.4&#8243; _module_preset=\u00bbdefault\u00bb width_tablet=\u00bb\u00bb width_phone=\u00bb100%\u00bb width_last_edited=\u00bbon|phone\u00bb max_width=\u00bb100%\u00bb hover_enabled=\u00bb0&#8243; width=\u00bb100%\u00bb sticky_enabled=\u00bb0&#8243;][et_pb_column type=\u00bb4_4&#8243; _builder_version=\u00bb4.9.4&#8243; _module_preset=\u00bbdefault\u00bb][et_pb_text module_id=\u00bbcustom-text\u00bb _builder_version=\u00bb4.9.4&#8243; _module_preset=\u00bbdefault\u00bb]<\/p>\n<div class=\"enigma_header_breadcrum_title\">\n<div class=\"container\">\n<div class=\"row\">\n<div class=\"col-md-12\">\n<h2><strong>DIRECTORIO TELEF\u00d3NICO<\/strong><\/h2>\n<\/div>\n<\/div>\n<\/div>\n<\/div>\n<div class=\"container\">\n<div class=\"row enigma_blog_wrapper\">\n<div class=\"col-md-12\">\n<div class=\"enigma_blog_full\">\n<div class=\"enigma_blog_post_content\">\n<h2 style=\"padding-left: 40px;\">Ayuntamiento<\/h2>\n<p lang=\"es-ES\" style=\"padding-left: 80px;\">Plaza Ayuntamiento, n\u00ba4<br \/><strong>Tel\u00e9fono:<\/strong><span>\u00a0<\/span>978 71 40 04<br \/>Fax: 978 71 45 20<\/p>\n<p lang=\"es-ES\" style=\"padding-left: 80px;\">\n<h2 style=\"padding-left: 40px;\">Colegio P\u00fablico San Mill\u00e1n<\/h2>\n<p style=\"padding-left: 80px;\">Calle subida al Tremedal, 10 (Plaza de las escuelas)<br \/><strong>Tel\u00e9fono:<\/strong>978 71 43 52<\/p>\n<p style=\"padding-left: 80px;\">\n<h2 style=\"padding-left: 40px;\">Camping \u2013 Piscinas \u00abCaimodorro\u00bb o piscina municipal<\/h2>\n<p lang=\"es-ES\" style=\"padding-left: 80px;\">Subida al Tremedal, 0, 44366<br \/><strong>Tel\u00e9fono:<\/strong><span>\u00a0<\/span>978 71 43 55<\/p>\n<p lang=\"es-ES\" style=\"padding-left: 80px;\">\n<h2 style=\"padding-left: 40px;\">Biblioteca Municipal<\/h2>\n<p lang=\"es-ES\" style=\"padding-left: 80px;\">Carretera Albarrac\u00edn s\/n<br \/><strong>Tel\u00e9fono:<\/strong><span>\u00a0<\/span>978 71 42 67<\/p>\n<p lang=\"es-ES\" style=\"padding-left: 80px;\">\n<h2 style=\"padding-left: 40px;\">Oficina de Turismo y Centro de interpretaci\u00f3n de la Reserva de Caza Montes Universales<\/h2>\n<p lang=\"es-ES\" style=\"padding-left: 80px;\">Calle Carretera, 5, Orihuela del Tremedal<br \/><strong>Tel\u00e9fono:<\/strong><span>\u00a0<\/span>978 71 42 48<\/p>\n<p lang=\"es-ES\" style=\"padding-left: 80px;\">\n<h2 style=\"padding-left: 40px;\">PAC, Servicio m\u00e9dico<\/h2>\n<p lang=\"es-ES\" style=\"padding-left: 80px;\">Carretera Albarrac\u00edn s\/n<br \/><strong>Tel\u00e9fono:<\/strong><span>\u00a0<\/span>978 71 43 58<\/p>\n<p lang=\"es-ES\" style=\"padding-left: 80px;\">\n<h2 style=\"padding-left: 40px;\">Cuartel de la guardia civil<\/h2>\n<p lang=\"es-ES\" style=\"padding-left: 80px;\">C\/ Carretera, 23<br \/><strong>Tel\u00e9fono:<\/strong><span>\u00a0<\/span>978 71 40 02<\/p>\n<p lang=\"es-ES\" style=\"padding-left: 80px;\">\n<h2 style=\"padding-left: 40px;\">Farmacia Orihuela del Tremedal<\/h2>\n<p style=\"padding-left: 80px;\">Cl. Carretera de Albarrac\u00edn, n\u00ba 10<br \/><strong>Tel\u00e9fono:<\/strong>978 71 42 66<\/p>\n<p style=\"padding-left: 80px;\">\n<h2 style=\"padding-left: 40px;\">E.E. S.S . Laguia y Mont\u00f3n, S.L.<\/h2>\n<p style=\"padding-left: 80px;\">Ctra. De Albarrac\u00edn, n\u00ba 13<br \/><strong>Tel\u00e9fono:<\/strong><span>\u00a0<\/span>978 71 40 59<\/p>\n<p style=\"padding-left: 80px;\">\n<h2 style=\"padding-left: 40px;\">Servicio Funerarios.<\/h2>\n<p lang=\"es-ES\" style=\"padding-left: 80px;\">Celina Gaspar. Funeraria San Jorge.<br \/><strong>Tel\u00e9fono:<\/strong><span>\u00a0<\/span>978 71 43 43<\/p>\n<p lang=\"es-ES\" style=\"padding-left: 80px;\">M\u00aa Angeles Gonzalez. Pompas F\u00fanebres Teruel.<br \/><strong>Tel\u00e9fono:<\/strong><span>\u00a0<\/span>978 71 43 75<\/p>\n<\/div>\n<\/div>\n<\/div>\n<\/div>\n<\/div>\n<p>[\/et_pb_text][\/et_pb_column][\/et_pb_row][\/et_pb_section]<\/p>\n","protected":false},"excerpt":{"rendered":"<p>[et_pb_section fb_built=\u00bb1&#8243; _builder_version=\u00bb4.9.4&#8243; _module_preset=\u00bbdefault\u00bb][et_pb_row _builder_version=\u00bb4.9.4&#8243; _module_preset=\u00bbdefault\u00bb width_tablet=\u00bb\u00bb width_phone=\u00bb100%\u00bb width_last_edited=\u00bbon|phone\u00bb max_width=\u00bb100%\u00bb hover_enabled=\u00bb0&#8243; width=\u00bb100%\u00bb sticky_enabled=\u00bb0&#8243;][et_pb_column type=\u00bb4_4&#8243; _builder_version=\u00bb4.9.4&#8243; _module_preset=\u00bbdefault\u00bb][et_pb_text module_id=\u00bbcustom-text\u00bb _builder_version=\u00bb4.9.4&#8243; _module_preset=\u00bbdefault\u00bb] DIRECTORIO TELEF\u00d3NICO Ayuntamiento Plaza Ayuntamiento, n\u00ba4Tel\u00e9fono:\u00a0978 71 40 04Fax: 978 71 45 20 Colegio P\u00fablico San Mill\u00e1n Calle subida al Tremedal, 10 (Plaza de las escuelas)Tel\u00e9fono:978 71 43 52 Camping \u2013 Piscinas \u00abCaimodorro\u00bb o piscina municipal [&hellip;]<\/p>\n","protected":false},"author":1,"featured_media":0,"parent":216,"menu_order":0,"comment_status":"closed","ping_status":"closed","template":"","meta":{"_et_pb_use_builder":"on","_et_pb_old_content":"","_et_gb_content_width":"","footnotes":""},"class_list":["post-263","page","type-page","status-publish","hentry"],"_links":{"self":[{"href":"https:\/\/orihuela.itcyhost.es\/index.php\/wp-json\/wp\/v2\/pages\/263","targetHints":{"allow":["GET"]}}],"collection":[{"href":"https:\/\/orihuela.itcyhost.es\/index.php\/wp-json\/wp\/v2\/pages"}],"about":[{"href":"https:\/\/orihuela.itcyhost.es\/index.php\/wp-json\/wp\/v2\/types\/page"}],"author":[{"embeddable":true,"href":"https:\/\/orihuela.itcyhost.es\/index.php\/wp-json\/wp\/v2\/users\/1"}],"replies":[{"embeddable":true,"href":"https:\/\/orihuela.itcyhost.es\/index.php\/wp-json\/wp\/v2\/comments?post=263"}],"version-history":[{"count":6,"href":"https:\/\/orihuela.itcyhost.es\/index.php\/wp-json\/wp\/v2\/pages\/263\/revisions"}],"predecessor-version":[{"id":1252,"href":"https:\/\/orihuela.itcyhost.es\/index.php\/wp-json\/wp\/v2\/pages\/263\/revisions\/1252"}],"up":[{"embeddable":true,"href":"https:\/\/orihuela.itcyhost.es\/index.php\/wp-json\/wp\/v2\/pages\/216"}],"wp:attachment":[{"href":"https:\/\/orihuela.itcyhost.es\/index.php\/wp-json\/wp\/v2\/media?parent=263"}],"curies":[{"name":"wp","href":"https:\/\/api.w.org\/{rel}","templated":true}]}}