{"id":329,"date":"2021-05-18T09:31:08","date_gmt":"2021-05-18T09:31:08","guid":{"rendered":"http:\/\/orihuela.itcyhost.es\/?page_id=329"},"modified":"2021-07-02T12:09:46","modified_gmt":"2021-07-02T12:09:46","slug":"servicios","status":"publish","type":"page","link":"https:\/\/orihuela.itcyhost.es\/index.php\/servicios\/","title":{"rendered":"Servicios"},"content":{"rendered":"<p>[et_pb_section fb_built=\u00bb1&#8243; _builder_version=\u00bb4.9.4&#8243; _module_preset=\u00bbdefault\u00bb width=\u00bb100%\u00bb hover_enabled=\u00bb0&#8243; sticky_enabled=\u00bb0&#8243;][et_pb_row use_custom_gutter=\u00bbon\u00bb _builder_version=\u00bb4.9.4&#8243; _module_preset=\u00bbdefault\u00bb width=\u00bb70%\u00bb max_width=\u00bb100%\u00bb hover_enabled=\u00bb0&#8243; locked=\u00bboff\u00bb width_last_edited=\u00bbon|phone\u00bb sticky_enabled=\u00bb0&#8243; width_phone=\u00bb85%\u00bb][et_pb_column type=\u00bb4_4&#8243; _builder_version=\u00bb4.9.4&#8243; _module_preset=\u00bbdefault\u00bb][et_pb_text module_id=\u00bbcustom-text\u00bb _builder_version=\u00bb4.9.4&#8243; _module_preset=\u00bbdefault\u00bb]<\/p>\n<h2>SERVICIOS<\/h2>\n<p>&nbsp;<\/p>\n<h2 style=\"padding-left: 40px;\">Consulte aqu\u00ed el listado completo de Servicios de Orihuela del Tremedal:<\/h2>\n<p style=\"padding-left: 40px;\">Servicios itinerantes (podolog\u00eda, auriculoterapia, fisioterapia, mercado municipal)<span>\u00a0<\/span>biblioteca y educaci\u00f3n adultos,<span>\u00a0<\/span>instalaciones deportivas,<span>\u00a0<\/span>parques, bares, restaurantes, pubs, alojamientos, comercios, servicios, punto de atenci\u00f3n continuada (PAC), Ibercaja, cuartel guardia civil,<span>\u00a0<\/span>electricistas, fontaner\u00eda y calefacci\u00f3n,<span>\u00a0<\/span>constructores y carpinter\u00eda<span>\u00a0<\/span>y<span>\u00a0<\/span>servicios funerarios.<\/p>\n<h2 style=\"padding-left: 40px;\"><\/h2>\n<p>&nbsp;<\/p>\n<h2><\/h2>\n<h2><\/h2>\n<h2>Servicios Itinerantes<\/h2>\n<p>[\/et_pb_text][et_pb_text module_id=\u00bbcustom-text\u00bb _builder_version=\u00bb4.9.4&#8243; _module_preset=\u00bbdefault\u00bb background_color=\u00bb#e0e0e0&#8243; custom_padding=\u00bb40px|10px|10px|30px|false|false\u00bb border_radii=\u00bbon|12px|12px|12px|12px\u00bb]<\/p>\n<h3>Podolog\u00eda<\/h3>\n<p style=\"padding-left: 40px;\">Generalmente un s\u00e1bado al mes a partir de las 16:00 h, no es un d\u00eda fijo, nos avisa el pod\u00f3logo con antelaci\u00f3n. M\u00ednimo tienen que haber 4 pacientes para que el pod\u00f3logo se traslade.<\/p>\n<h3>Auriculoterapia<\/h3>\n<p style=\"padding-left: 40px;\">Horario de invierno los jueves de 10:00 h a 16:30 h, horario de verano de 9:00 h a 19:00 h.<\/p>\n<h3>Fisioterapia<\/h3>\n<p style=\"padding-left: 40px;\">Los martes cada 15 d\u00edas, suele estar por las tardes pero su horario es voluble y depende del n\u00ba de pacientes.<\/p>\n<h3>Mercado Municipal<\/h3>\n<p style=\"padding-left: 40px;\">Mi\u00e9rcoles 9:00h \u2013 15:00h<\/p>\n<p>[\/et_pb_text][\/et_pb_column][\/et_pb_row][et_pb_row use_custom_gutter=\u00bbon\u00bb _builder_version=\u00bb4.9.4&#8243; _module_preset=\u00bbdefault\u00bb width=\u00bb70%\u00bb max_width=\u00bb100%\u00bb locked=\u00bboff\u00bb][et_pb_column type=\u00bb4_4&#8243; _builder_version=\u00bb4.9.4&#8243; _module_preset=\u00bbdefault\u00bb][et_pb_text module_id=\u00bbcustom-text\u00bb _builder_version=\u00bb4.9.4&#8243; _module_preset=\u00bbdefault\u00bb]<\/p>\n<h2>BIBLIOTECA Y EDUCACION ADULTOS<\/h2>\n<p>[\/et_pb_text][et_pb_text module_id=\u00bbcustom-text\u00bb _builder_version=\u00bb4.9.4&#8243; _module_preset=\u00bbdefault\u00bb background_color=\u00bb#e0e0e0&#8243; custom_padding=\u00bb40px|30px|10px|30px|false|false\u00bb border_radii=\u00bbon|12px|12px|12px|12px\u00bb]<\/p>\n<h3>Biblioteca Municipal<\/h3>\n<p style=\"padding-left: 40px;\">De lunes a jueves de 16:30 h a 19:00 h<\/p>\n<h3>Educaci\u00f3n de adultos<\/h3>\n<p style=\"padding-left: 40px;\">D\u00edas y horario que se realiza y las materias que se est\u00e1n dando este a\u00f1o.<br \/>Mi\u00e9rcoles:<\/p>\n<p style=\"padding-left: 40px;\">16:00 h \u2013 18:00 h: Cultura Aragonesa<br \/>18:00 h \u2013 19:30 h: Competencias clave<br \/>19:30 h \u2013 21:00 h: ESPAD<span>\u00a0<\/span><em>(Educaci\u00f3n Secundaria para adultos a distancia)<\/em><\/p>\n<p>[\/et_pb_text][\/et_pb_column][\/et_pb_row][et_pb_row column_structure=\u00bb1_2,1_2&#8243; use_custom_gutter=\u00bbon\u00bb _builder_version=\u00bb4.9.4&#8243; _module_preset=\u00bbdefault\u00bb width=\u00bb70%\u00bb max_width=\u00bb100%\u00bb locked=\u00bboff\u00bb][et_pb_column type=\u00bb1_2&#8243; _builder_version=\u00bb4.9.4&#8243; _module_preset=\u00bbdefault\u00bb][et_pb_text module_id=\u00bbcustom-text\u00bb _builder_version=\u00bb4.9.4&#8243; _module_preset=\u00bbdefault\u00bb]<\/p>\n<h2>Instalaciones deportivas<br \/>\n<\/h2>\n<p>[\/et_pb_text][et_pb_text module_id=\u00bbcustom-text\u00bb _builder_version=\u00bb4.9.4&#8243; _module_preset=\u00bbdefault\u00bb background_color=\u00bb#e0e0e0&#8243; custom_padding=\u00bb40px|30px||30px|false|false\u00bb border_radii=\u00bbon|12px|12px|12px|12px\u00bb]<\/p>\n<ol>\n<li data-original-title=\"\" title=\"\">PABELLON POLIDEPORTIVO<\/li>\n<li data-original-title=\"\" title=\"\">SALA MULTIUSOS MUNICIPAL<\/li>\n<li data-original-title=\"\" title=\"\">PISTA DE PADEL<\/li>\n<li data-original-title=\"\" title=\"\">PISTA DEPORTIVA DEL COLEGIO<\/li>\n<li data-original-title=\"\" title=\"\">GIMNASIO<\/li>\n<\/ol>\n<p>[\/et_pb_text][\/et_pb_column][et_pb_column type=\u00bb1_2&#8243; _builder_version=\u00bb4.9.4&#8243; _module_preset=\u00bbdefault\u00bb][et_pb_text module_id=\u00bbcustom-text\u00bb _builder_version=\u00bb4.9.4&#8243; _module_preset=\u00bbdefault\u00bb]<\/p>\n<h2>Parques<\/h2>\n<p>[\/et_pb_text][et_pb_text module_id=\u00bbcustom-text\u00bb _builder_version=\u00bb4.9.4&#8243; _module_preset=\u00bbdefault\u00bb background_color=\u00bb#e0e0e0&#8243; custom_padding=\u00bb40px|10px|10px|30px|false|false\u00bb border_radii=\u00bbon|12px|12px|12px|12px\u00bb]<\/p>\n<ol>\n<li data-original-title=\"\" title=\"\">PARQUE DEL COLEGIO MUNICIPAL<\/li>\n<li data-original-title=\"\" title=\"\">PARQUE PLAZA DE TOROS<\/li>\n<li data-original-title=\"\" title=\"\">PARQUE ESPECIES CINEGETICAS<\/li>\n<\/ol>\n<p>[\/et_pb_text][\/et_pb_column][\/et_pb_row][et_pb_row use_custom_gutter=\u00bbon\u00bb _builder_version=\u00bb4.9.4&#8243; _module_preset=\u00bbdefault\u00bb width=\u00bb70%\u00bb max_width=\u00bb100%\u00bb min_height=\u00bb165.6px\u00bb locked=\u00bboff\u00bb][et_pb_column type=\u00bb4_4&#8243; _builder_version=\u00bb4.9.4&#8243; _module_preset=\u00bbdefault\u00bb][et_pb_text module_id=\u00bbcustom-text\u00bb _builder_version=\u00bb4.9.4&#8243; _module_preset=\u00bbdefault\u00bb]<\/p>\n<h2><strong>Servicios<\/strong><\/h2>\n<p>Bares, restaurantes, pubs, alojamientos, comercios, servicios, punto de atencion continuada (pac), ibercaja, cuartel guardia civil (<a href=\"http:\/\/orihuela.itcyhost.es\/index.php\/turismo\/servicios-al-visitante\/\">ver en SERVICIOS AL VISITANTE<\/a>)[\/et_pb_text][et_pb_text module_id=\u00bbcustom-text\u00bb _builder_version=\u00bb4.9.4&#8243; _module_preset=\u00bbdefault\u00bb min_height=\u00bb14px\u00bb height=\u00bb14px\u00bb custom_margin=\u00bb||0px||false|false\u00bb custom_padding=\u00bb||0px||false|false\u00bb]<\/p>\n<h2>ELECTRICISTAS, FONTANERIA Y CALEFACCI\u00d3N<\/h2>\n<p>[\/et_pb_text][\/et_pb_column][\/et_pb_row][et_pb_row column_structure=\u00bb1_2,1_2&#8243; use_custom_gutter=\u00bbon\u00bb _builder_version=\u00bb4.9.4&#8243; _module_preset=\u00bbdefault\u00bb width=\u00bb70%\u00bb max_width=\u00bb100%\u00bb locked=\u00bboff\u00bb][et_pb_column type=\u00bb1_2&#8243; _builder_version=\u00bb4.9.4&#8243; _module_preset=\u00bbdefault\u00bb][et_pb_text module_id=\u00bbcustom-text\u00bb _builder_version=\u00bb4.9.4&#8243; _module_preset=\u00bbdefault\u00bb background_color=\u00bb#e0e0e0&#8243; custom_padding=\u00bb40px|30px||30px|false|false\u00bb border_radii=\u00bbon|12px|12px|12px|12px\u00bb]<\/p>\n<h2 style=\"text-align: center;\"><strong>ELECTRICISTAS<\/strong><\/h2>\n<p><strong><\/strong><\/p>\n<h3 style=\"text-align: left;\">VICTOR CAVERO CORTES<\/h3>\n<p style=\"text-align: left; padding-left: 40px;\"><strong>Direcci\u00f3n<\/strong>: Calle las Fraguas s\/n, Orihuela del Tremedal, Teruel.<br \/><strong>Tel\u00e9fono<\/strong>: 978 71 42 00\/ 620 07 61 30<br \/>cavero124@hotmail.com<\/p>\n<p>[\/et_pb_text][\/et_pb_column][et_pb_column type=\u00bb1_2&#8243; _builder_version=\u00bb4.9.4&#8243; _module_preset=\u00bbdefault\u00bb][et_pb_text module_id=\u00bbcustom-text\u00bb _builder_version=\u00bb4.9.4&#8243; _module_preset=\u00bbdefault\u00bb background_color=\u00bb#e0e0e0&#8243; custom_padding=\u00bb40px|10px|10px|30px|false|false\u00bb border_radii=\u00bbon|12px|12px|12px|12px\u00bb]<\/p>\n<h2 style=\"text-align: center;\"><strong>FONTANERIAS<\/strong><\/h2>\n<p><strong><\/strong><\/p>\n<h3 style=\"text-align: left;\">FONTANERIA RAMIRO Y JOSE ANTONIO<\/h3>\n<p style=\"text-align: left; padding-left: 40px;\"><strong>Tel\u00e9fono<\/strong>: Ramiro: 666 587 839 \/ Jos\u00e9 Antonio: 690 602 017<\/p>\n<h3 style=\"text-align: left;\">JESUS BERGES GOMEZ<\/h3>\n<p style=\"text-align: left; padding-left: 40px;\">C.\/ San Roque Alto,1, Orihuela del Tremedal, Teruel<br \/><strong>Tel\u00e9fono<\/strong>: 978 71 42 33<\/p>\n<h3 style=\"text-align: left;\">INSTALACIONES SAMPER SLU<\/h3>\n<p style=\"text-align: left; padding-left: 40px;\">Cl. Carretera, 14, Orihuela del Tremedal.<br \/><strong>Tel\u00e9fono<\/strong>: 978 71 43 70<\/p>\n<h3 style=\"text-align: left;\">RAUL CAVERO ARAGON<\/h3>\n<p style=\"text-align: left; padding-left: 40px;\">Subida al Tremedal,2. Orihuela del Tremedal, Teruel.<br \/><strong>Tel\u00e9fono<\/strong>: 658 901 255<br \/><a href=\"mailto:raulcavero@gmail.com\">raulcavero@gmail.com<\/a><\/p>\n<p>[\/et_pb_text][\/et_pb_column][\/et_pb_row][et_pb_row use_custom_gutter=\u00bbon\u00bb _builder_version=\u00bb4.9.4&#8243; _module_preset=\u00bbdefault\u00bb width=\u00bb70%\u00bb max_width=\u00bb100%\u00bb locked=\u00bboff\u00bb][et_pb_column type=\u00bb4_4&#8243; _builder_version=\u00bb4.9.4&#8243; _module_preset=\u00bbdefault\u00bb][et_pb_text module_id=\u00bbcustom-text\u00bb _builder_version=\u00bb4.9.4&#8243; _module_preset=\u00bbdefault\u00bb min_height=\u00bb14px\u00bb height=\u00bb14px\u00bb custom_margin=\u00bb||0px||false|false\u00bb custom_padding=\u00bb||0px||false|false\u00bb]<\/p>\n<h2>ELECTRICISTAS, FONTANERIA Y CALEFACCI\u00d3N<\/h2>\n<p>[\/et_pb_text][\/et_pb_column][\/et_pb_row][et_pb_row column_structure=\u00bb1_2,1_2&#8243; use_custom_gutter=\u00bbon\u00bb _builder_version=\u00bb4.9.4&#8243; _module_preset=\u00bbdefault\u00bb width=\u00bb70%\u00bb max_width=\u00bb100%\u00bb locked=\u00bboff\u00bb][et_pb_column type=\u00bb1_2&#8243; _builder_version=\u00bb4.9.4&#8243; _module_preset=\u00bbdefault\u00bb][et_pb_text module_id=\u00bbcustom-text\u00bb _builder_version=\u00bb4.9.4&#8243; _module_preset=\u00bbdefault\u00bb background_color=\u00bb#e0e0e0&#8243; custom_padding=\u00bb40px|30px||30px|false|false\u00bb border_radii=\u00bbon|12px|12px|12px|12px\u00bb]<\/p>\n<h2 style=\"text-align: center;\"><strong>CONSTRUCCIONES<\/strong><\/h2>\n<p><strong><\/strong><\/p>\n<p><strong><\/strong><\/p>\n<h3>AGUSTIN BERGES GOMEZ S.L<\/h3>\n<p style=\"padding-left: 40px;\">Cuesta, s\/n. Orihuela del Tremedal, Teruel.<br \/><strong>Tel\u00e9fono:<\/strong><span>\u00a0<\/span>669 75 89 29\/ 978 71 43 93<br \/><strong>Fax:<\/strong><span>\u00a0<\/span>978 71 43 93<br \/>const.agustinberges@gmail.com<\/p>\n<h3>SEGUNDO SANZ LANZUELA<\/h3>\n<p style=\"padding-left: 40px;\">Calle Santa Lucia s\/n, Orihuela del Tremedal, Teruel.<br \/><strong>Tel\u00e9fono:<\/strong><span>\u00a0<\/span>650 02 28 68<\/p>\n<h3>PEDRO ANTONIO MORENO MORALES.<\/h3>\n<p style=\"padding-left: 40px;\">Cl Alta, n\u00ba 33, Orihuela del Tremedal, Teruel.<br \/><strong>Tel\u00e9fono<\/strong>: 978 71 41 64<\/p>\n<h3>MANRIQUE SAMPER.<\/h3>\n<p style=\"padding-left: 40px;\">Cl Centro. Orihuela del Tremedal.<br \/><strong>Tel\u00e9fono<\/strong>: 628 834 539<\/p>\n<h3>SERGIO MARTINEZ SAMPER<\/h3>\n<p style=\"padding-left: 40px;\">Cl Rio Mijares, n\u00ba 14, Orihuela del Tremedal.<br \/><strong>Telefono<\/strong>: 620 22 14 46<\/p>\n<p>[\/et_pb_text][\/et_pb_column][et_pb_column type=\u00bb1_2&#8243; _builder_version=\u00bb4.9.4&#8243; _module_preset=\u00bbdefault\u00bb][et_pb_text module_id=\u00bbcustom-text\u00bb _builder_version=\u00bb4.9.4&#8243; _module_preset=\u00bbdefault\u00bb background_color=\u00bb#e0e0e0&#8243; custom_padding=\u00bb40px|10px|10px|30px|false|false\u00bb border_radii=\u00bbon|12px|12px|12px|12px\u00bb]<\/p>\n<h2 style=\"text-align: center;\"><strong>CARPINTERIA<\/strong><\/h2>\n<h3><\/h3>\n<h3>CAPINTERIA JARA<\/h3>\n<p style=\"padding-left: 40px;\">Subida al Cementerio, s\/n, Orihuela del Tremedal, Teruel<br \/><strong>Tel\u00e9fono y Fax<\/strong>: 978 71 41 50\/ 619 24 64 69<br \/>carpinteriajara@gmail.com<\/p>\n<h3>MADERAS MANUEL SANZ S.L<\/h3>\n<p style=\"padding-left: 40px;\">Subida al Tremedal, s\/n, Orihuela del Tremedal, Teruel.<br \/><strong>Tel\u00e9fono<\/strong>: 978 71 40 32 Fax: 978 71 43 68<br \/>info@maderasmanuelsanz.es<\/p>\n<h3>CARPINTERIA MECANICA APARICIO<\/h3>\n<p style=\"padding-left: 40px;\">Ctra. Albarrac\u00edn, 9, Orihuela del Tremedal, Teruel.<br \/><strong>Tel\u00e9fono<\/strong>: 629 81 26 40\/ 630 58 10 82<\/p>\n<h3>CARPINTERIA ALMAR S.L.U<\/h3>\n<p style=\"padding-left: 40px;\">Ctra. Residencia s\/n, Orihuela del Tremedal, Teruel<br \/><strong>Tel\u00e9fono<\/strong>: 978 71 40 58 Fax: 978 71 40 55<br \/><a href=\"http:\/\/www.carpinteriaalmar.com\/\" target=\"_blank\" rel=\"noopener noreferrer\">www.carpinteriaalmar.com<\/a><br \/><strong>Facebook<\/strong>: Carpinter\u00eda Almar SL<\/p>\n<h3>CARPINTERIA BERGES, SL.<\/h3>\n<p style=\"padding-left: 40px;\">Extramuros, Orihuela Del Tremedal.<br \/><strong>Tel\u00e9fono<\/strong>: 978 71 40 80<\/p>\n<h3>PUERTAS Y TORNEADOS ADOBES, S.L.<\/h3>\n<p style=\"padding-left: 40px;\">Orihuela del Tremedal.<br \/><strong>Tel\u00e9fono<\/strong>: 978 71 40 17<\/p>\n<h3>RAMON SANCHEZ S.L<\/h3>\n<p style=\"padding-left: 40px;\">C\/Carretera Residencia s\/n, Orihuela del Tremedal, Teruel.<br \/><strong>Tel\u00e9fono<\/strong>: 978 71 40 64 Fax: 978 71 40 71<br \/>info@ramonsanchezsl.com<br \/><a href=\"http:\/\/www.ramonsanchezsl.com\/\">www.ramonsanchezsl.com<\/a><\/p>\n<h3><strong>ANTONIO CASAS GIL<\/strong><\/h3>\n<p style=\"padding-left: 40px;\">C\/ Santuario Virgen del Tremedal, 28, Orihuela del Tremedal, Teruel.<\/p>\n<p style=\"padding-left: 40px;\"><strong>Telefono:<\/strong><span>\u00a0<\/span>679707018<\/p>\n<p>[\/et_pb_text][\/et_pb_column][\/et_pb_row][et_pb_row use_custom_gutter=\u00bbon\u00bb _builder_version=\u00bb4.9.4&#8243; _module_preset=\u00bbdefault\u00bb width=\u00bb70%\u00bb max_width=\u00bb100%\u00bb locked=\u00bboff\u00bb][et_pb_column type=\u00bb4_4&#8243; _builder_version=\u00bb4.9.4&#8243; _module_preset=\u00bbdefault\u00bb][et_pb_text module_id=\u00bbcustom-text\u00bb _builder_version=\u00bb4.9.4&#8243; _module_preset=\u00bbdefault\u00bb custom_margin=\u00bb||0px||false|false\u00bb custom_padding=\u00bb||0px||false|false\u00bb]<\/p>\n<h2>SERVICIO FUNERARIOS<\/h2>\n<p>[\/et_pb_text][et_pb_text module_id=\u00bbcustom-text\u00bb _builder_version=\u00bb4.9.4&#8243; _module_preset=\u00bbdefault\u00bb background_color=\u00bb#e0e0e0&#8243; custom_padding=\u00bb40px|30px|10px|30px|false|false\u00bb border_radii=\u00bbon|12px|12px|12px|12px\u00bb]<\/p>\n<h2>Funeraria San Jorge.<\/h2>\n<h3 style=\"padding-left: 40px;\">Celina Gaspar<\/h3>\n<p style=\"padding-left: 40px;\"><strong>Tel\u00e9fono:<\/strong><span>\u00a0<\/span>978 71 43 43<\/p>\n<h2>Pompas F\u00fanebres Teruel.<\/h2>\n<h3 style=\"padding-left: 40px;\">M\u00aa Angeles Gonzalez<\/h3>\n<p style=\"padding-left: 40px;\"><strong>Tel\u00e9fono:<\/strong><span>\u00a0<\/span>978 71 43 75<\/p>\n<p>[\/et_pb_text][\/et_pb_column][\/et_pb_row][\/et_pb_section]<\/p>\n","protected":false},"excerpt":{"rendered":"<p>[et_pb_section fb_built=\u00bb1&#8243; _builder_version=\u00bb4.9.4&#8243; _module_preset=\u00bbdefault\u00bb width=\u00bb100%\u00bb hover_enabled=\u00bb0&#8243; sticky_enabled=\u00bb0&#8243;][et_pb_row use_custom_gutter=\u00bbon\u00bb _builder_version=\u00bb4.9.4&#8243; _module_preset=\u00bbdefault\u00bb width=\u00bb70%\u00bb max_width=\u00bb100%\u00bb hover_enabled=\u00bb0&#8243; locked=\u00bboff\u00bb width_last_edited=\u00bbon|phone\u00bb sticky_enabled=\u00bb0&#8243; width_phone=\u00bb85%\u00bb][et_pb_column type=\u00bb4_4&#8243; _builder_version=\u00bb4.9.4&#8243; _module_preset=\u00bbdefault\u00bb][et_pb_text module_id=\u00bbcustom-text\u00bb _builder_version=\u00bb4.9.4&#8243; _module_preset=\u00bbdefault\u00bb] SERVICIOS &nbsp; Consulte aqu\u00ed el listado completo de Servicios de Orihuela del Tremedal: Servicios itinerantes (podolog\u00eda, auriculoterapia, fisioterapia, mercado municipal)\u00a0biblioteca y educaci\u00f3n adultos,\u00a0instalaciones deportivas,\u00a0parques, bares, restaurantes, pubs, alojamientos, comercios, servicios, punto de [&hellip;]<\/p>\n","protected":false},"author":1,"featured_media":0,"parent":0,"menu_order":0,"comment_status":"closed","ping_status":"closed","template":"","meta":{"_et_pb_use_builder":"on","_et_pb_old_content":"","_et_gb_content_width":"","footnotes":""},"class_list":["post-329","page","type-page","status-publish","hentry"],"_links":{"self":[{"href":"https:\/\/orihuela.itcyhost.es\/index.php\/wp-json\/wp\/v2\/pages\/329","targetHints":{"allow":["GET"]}}],"collection":[{"href":"https:\/\/orihuela.itcyhost.es\/index.php\/wp-json\/wp\/v2\/pages"}],"about":[{"href":"https:\/\/orihuela.itcyhost.es\/index.php\/wp-json\/wp\/v2\/types\/page"}],"author":[{"embeddable":true,"href":"https:\/\/orihuela.itcyhost.es\/index.php\/wp-json\/wp\/v2\/users\/1"}],"replies":[{"embeddable":true,"href":"https:\/\/orihuela.itcyhost.es\/index.php\/wp-json\/wp\/v2\/comments?post=329"}],"version-history":[{"count":4,"href":"https:\/\/orihuela.itcyhost.es\/index.php\/wp-json\/wp\/v2\/pages\/329\/revisions"}],"predecessor-version":[{"id":944,"href":"https:\/\/orihuela.itcyhost.es\/index.php\/wp-json\/wp\/v2\/pages\/329\/revisions\/944"}],"wp:attachment":[{"href":"https:\/\/orihuela.itcyhost.es\/index.php\/wp-json\/wp\/v2\/media?parent=329"}],"curies":[{"name":"wp","href":"https:\/\/api.w.org\/{rel}","templated":true}]}}