{"id":637,"date":"2021-05-19T09:33:34","date_gmt":"2021-05-19T09:33:34","guid":{"rendered":"http:\/\/orihuela.itcyhost.es\/?page_id=637"},"modified":"2021-07-02T12:10:01","modified_gmt":"2021-07-02T12:10:01","slug":"santuario-la-virgen-del-tremedal","status":"publish","type":"page","link":"https:\/\/orihuela.itcyhost.es\/index.php\/turismo\/que-puedes-visitar\/santuario-la-virgen-del-tremedal\/","title":{"rendered":"Santuario Virgen del Tremedal"},"content":{"rendered":"<p>[et_pb_section fb_built=\u00bb1&#8243; _builder_version=\u00bb4.9.4&#8243; _module_preset=\u00bbdefault\u00bb][et_pb_row _builder_version=\u00bb4.9.4&#8243; _module_preset=\u00bbdefault\u00bb width=\u00bb100%\u00bb width_tablet=\u00bb\u00bb width_phone=\u00bb90%\u00bb width_last_edited=\u00bbon|phone\u00bb max_width=\u00bb100%\u00bb][et_pb_column type=\u00bb4_4&#8243; _builder_version=\u00bb4.9.4&#8243; _module_preset=\u00bbdefault\u00bb][et_pb_text module_id=\u00bbcustom-text\u00bb _builder_version=\u00bb4.9.4&#8243; _module_preset=\u00bbdefault\u00bb hover_enabled=\u00bb0&#8243; sticky_enabled=\u00bb0&#8243;]<\/p>\n<div class=\"container\">\n<h2>Santuario de La Virgen del Tremedal<\/h2>\n<p><span class='et-dropcap'>L<\/span>a aparici\u00f3n de la Virgen del Tremedal, hacia el S. XII; har\u00e1 que se construya un santuario en el lugar exacto de su aparici\u00f3n, el cerro del Tremedal.<\/p>\n<p>Como bien cuenta la historia, nuestra se\u00f1ora del tremedal se apareci\u00f3 a un pastorcillo, al que desvelo sus intenciones de quedarse en Orihuela. Los habitantes del pueblo llenos de gozo por su aparici\u00f3n y la bendici\u00f3n que supon\u00eda que se quedar\u00e1 sus tierras, construyeron en su honor El Santuario que todav\u00eda hoy \u00a0podemos observar en los alrededores de Orihuela, en el cerro del Tremedal, desde el cual protege y cuida al pueblo y sus habitantes.<\/p>\n<p><img decoding=\"async\" loading=\"lazy\" class=\"aligncenter size-large wp-image-963\" src=\"http:\/\/orihuela.itcyhost.es\/wp-content\/uploads\/2021\/05\/foto-santuario-por-dentro-300x200.jpg\" alt=\"Santuario\" width=\"550\" height=\"367\"  sizes=\"auto, (max-width: 550px) 100vw, 550px\" \/><\/p>\n<p>En su momento fue un importante Centro de Peregrinaciones, el m\u00e1s importante de toda la Sierra de Albarracin y sus alrededores, que recib\u00eda devotos de diferentes partes de la Provincia, para ofrendar y pedir a la Virgen del Tremedal. Importancia que todav\u00eda conserva siendo el \u00fanico Santuario que se conserva en nuestra Comarca.<\/p>\n<p>Tanta fue la afluencia de personas que recib\u00eda el Santuario, que tenia anexadas dos hospeder\u00edas, para recibir a estos peregrinos, que recorr\u00edan cientos de kil\u00f3metros y necesitan tomar fuerzas.<\/p>\n<p>Construcci\u00f3n que fue renovada en 1948, pero en el a\u00f1o 1809 durante la guerra de independencia, fue quemando durante el ataque franc\u00e9s. Pudo volver a reconstruirse hacia 1880 por el arquitecto Fernando Yarza. La \u00faltima renovaci\u00f3n se realizo e finales del siglo pasado, en la que se reconvirti\u00f3 la hospeder\u00eda del mismo en el Centro de Interpretaci\u00f3n de la Virgen del Tremedal.<\/p>\n<p>Desde que se construyo, se comenz\u00f3 a realizar la tradicional Romer\u00eda a la virgen del Tremedal, celebraci\u00f3n que se ha conservado hasta nuestros d\u00edas, y se sigue realizando durante nuestras Fiestas Patronales, consistiendo en la subida a hombros de la virgen por el camino viejo hasta el cerro, para celebrar en su honor una misa baturra, a la que asisten personas de todos los pueblos de la sierra y de toda la provincia de Teruel.<\/p>\n<p>En la actualidad podemos observar la f\u00e1brica de mamposter\u00eda con planta rectangular, portada sencilla con arco de medio punto, rematado por front\u00f3n rectangular, encontrando encima de la puerta una hornacina decorativa.<\/p>\n<p>Visitable en el mes de Agosto.<\/p><\/div>\n<p>[\/et_pb_text][\/et_pb_column][\/et_pb_row][\/et_pb_section]<\/p>\n","protected":false},"excerpt":{"rendered":"<p>[et_pb_section fb_built=\u00bb1&#8243; _builder_version=\u00bb4.9.4&#8243; _module_preset=\u00bbdefault\u00bb][et_pb_row _builder_version=\u00bb4.9.4&#8243; _module_preset=\u00bbdefault\u00bb width=\u00bb100%\u00bb width_tablet=\u00bb\u00bb width_phone=\u00bb90%\u00bb width_last_edited=\u00bbon|phone\u00bb max_width=\u00bb100%\u00bb][et_pb_column type=\u00bb4_4&#8243; _builder_version=\u00bb4.9.4&#8243; _module_preset=\u00bbdefault\u00bb][et_pb_text module_id=\u00bbcustom-text\u00bb _builder_version=\u00bb4.9.4&#8243; _module_preset=\u00bbdefault\u00bb hover_enabled=\u00bb0&#8243; sticky_enabled=\u00bb0&#8243;] Santuario de La Virgen del Tremedal a aparici\u00f3n de la Virgen del Tremedal, hacia el S. XII; har\u00e1 que se construya un santuario en el lugar exacto de su aparici\u00f3n, el cerro del Tremedal. Como bien [&hellip;]<\/p>\n","protected":false},"author":1,"featured_media":0,"parent":525,"menu_order":0,"comment_status":"closed","ping_status":"closed","template":"","meta":{"_et_pb_use_builder":"on","_et_pb_old_content":"","_et_gb_content_width":"","footnotes":""},"class_list":["post-637","page","type-page","status-publish","hentry"],"_links":{"self":[{"href":"https:\/\/orihuela.itcyhost.es\/index.php\/wp-json\/wp\/v2\/pages\/637","targetHints":{"allow":["GET"]}}],"collection":[{"href":"https:\/\/orihuela.itcyhost.es\/index.php\/wp-json\/wp\/v2\/pages"}],"about":[{"href":"https:\/\/orihuela.itcyhost.es\/index.php\/wp-json\/wp\/v2\/types\/page"}],"author":[{"embeddable":true,"href":"https:\/\/orihuela.itcyhost.es\/index.php\/wp-json\/wp\/v2\/users\/1"}],"replies":[{"embeddable":true,"href":"https:\/\/orihuela.itcyhost.es\/index.php\/wp-json\/wp\/v2\/comments?post=637"}],"version-history":[{"count":6,"href":"https:\/\/orihuela.itcyhost.es\/index.php\/wp-json\/wp\/v2\/pages\/637\/revisions"}],"predecessor-version":[{"id":1457,"href":"https:\/\/orihuela.itcyhost.es\/index.php\/wp-json\/wp\/v2\/pages\/637\/revisions\/1457"}],"up":[{"embeddable":true,"href":"https:\/\/orihuela.itcyhost.es\/index.php\/wp-json\/wp\/v2\/pages\/525"}],"wp:attachment":[{"href":"https:\/\/orihuela.itcyhost.es\/index.php\/wp-json\/wp\/v2\/media?parent=637"}],"curies":[{"name":"wp","href":"https:\/\/api.w.org\/{rel}","templated":true}]}}